{"id":9868,"date":"2025-11-03T16:08:38","date_gmt":"2025-11-03T14:08:38","guid":{"rendered":"https:\/\/liage.univ-paris8.fr\/?page_id=9868"},"modified":"2025-11-24T12:28:21","modified_gmt":"2025-11-24T10:28:21","slug":"seminaires-2","status":"publish","type":"page","link":"https:\/\/liage.univ-paris8.fr\/?page_id=9868","title":{"rendered":"S\u00e9minaires"},"content":{"rendered":"\t\t<div data-elementor-type=\"wp-page\" data-elementor-id=\"9868\" class=\"elementor elementor-9868\">\n\t\t\t\t\t\t<section class=\"elementor-section elementor-top-section elementor-element elementor-element-8fedeb7 elementor-section-boxed elementor-section-height-default elementor-section-height-default\" data-id=\"8fedeb7\" data-element_type=\"section\" data-settings=\"{&quot;background_background&quot;:&quot;classic&quot;}\">\n\t\t\t\t\t\t\t<div class=\"elementor-background-overlay\"><\/div>\n\t\t\t\t\t\t\t<div class=\"elementor-container elementor-column-gap-default\">\n\t\t\t\t\t<div class=\"elementor-column elementor-col-100 elementor-top-column elementor-element elementor-element-d86ef10\" data-id=\"d86ef10\" data-element_type=\"column\">\n\t\t\t<div class=\"elementor-widget-wrap elementor-element-populated\">\n\t\t\t\t\t\t<div class=\"elementor-element elementor-element-5ae1fe6 elementor-widget elementor-widget-heading\" data-id=\"5ae1fe6\" data-element_type=\"widget\" data-widget_type=\"heading.default\">\n\t\t\t\t<div class=\"elementor-widget-container\">\n\t\t\t\t\t<h2 class=\"elementor-heading-title elementor-size-default\">S\u00e9minaires<\/h2>\t\t\t\t<\/div>\n\t\t\t\t<\/div>\n\t\t\t\t\t<\/div>\n\t\t<\/div>\n\t\t\t\t\t<\/div>\n\t\t<\/section>\n\t\t\t\t<section class=\"elementor-section elementor-top-section elementor-element elementor-element-8d0dbb4 elementor-section-boxed elementor-section-height-default elementor-section-height-default\" data-id=\"8d0dbb4\" data-element_type=\"section\">\n\t\t\t\t\t\t<div class=\"elementor-container elementor-column-gap-default\">\n\t\t\t\t\t<div class=\"elementor-column elementor-col-100 elementor-top-column elementor-element elementor-element-89bf4be elementor-invisible\" data-id=\"89bf4be\" data-element_type=\"column\" data-settings=\"{&quot;animation&quot;:&quot;fadeInRight&quot;}\">\n\t\t\t<div class=\"elementor-widget-wrap elementor-element-populated\">\n\t\t\t\t\t\t<div class=\"elementor-element elementor-element-68c2b19 elementor-grid-eael-col-3 elementor-grid-tablet-eael-col-2 elementor-grid-mobile-eael-col-1 elementor-widget elementor-widget-eael-post-grid\" data-id=\"68c2b19\" data-element_type=\"widget\" data-settings=\"{&quot;eael_post_grid_columns&quot;:&quot;eael-col-3&quot;,&quot;eael_post_grid_columns_tablet&quot;:&quot;eael-col-2&quot;,&quot;eael_post_grid_columns_mobile&quot;:&quot;eael-col-1&quot;}\" data-widget_type=\"eael-post-grid.default\">\n\t\t\t\t<div class=\"elementor-widget-container\">\n\t\t\t\t\t<div id=\"eael-post-grid-68c2b19\" class=\"eael-post-grid-container\">\n            <div class=\"eael-post-grid eael-post-appender eael-post-appender-68c2b19 eael-post-grid-style-one\" data-layout-mode=\"masonry\"><article class=\"eael-grid-post eael-post-grid-column\" data-id=\"10126\">\n        <div class=\"eael-grid-post-holder\">\n            <div class=\"eael-grid-post-holder-inner\"><div class=\"eael-entry-media\"><div class=\"eael-entry-overlay fade-in\"><i class=\"fas fa-long-arrow-alt-right\" aria-hidden=\"true\"><\/i><a href=\"https:\/\/liage.univ-paris8.fr\/?p=10126\"><\/a><\/div><div class=\"eael-entry-thumbnail \">\n                <img fetchpriority=\"high\" decoding=\"async\" width=\"300\" height=\"297\" src=\"https:\/\/liage.univ-paris8.fr\/wp-content\/uploads\/2026\/03\/seminaireDoctoral-300x297.jpg\" class=\"attachment-medium size-medium wp-image-10120\" alt=\"\" srcset=\"https:\/\/liage.univ-paris8.fr\/wp-content\/uploads\/2026\/03\/seminaireDoctoral-300x297.jpg 300w, https:\/\/liage.univ-paris8.fr\/wp-content\/uploads\/2026\/03\/seminaireDoctoral-150x148.jpg 150w, https:\/\/liage.univ-paris8.fr\/wp-content\/uploads\/2026\/03\/seminaireDoctoral.jpg 357w\" sizes=\"(max-width: 300px) 100vw, 300px\" \/>\n            <\/div>\n        <\/div><div class=\"eael-entry-wrapper\"><div class=\"eael-entry-content\">\n                        <div class=\"eael-grid-post-excerpt\"><p>\u00c9ducations militantes et rapports au savoir A Campus Condorcet Pr\u00e9sentation \u00c9ducations militantes et rapports au savoir\u00a0\u2013 S\u00e9minaire doctoral de l\u2019\u00c9cole...<\/p><a href=\"https:\/\/liage.univ-paris8.fr\/?p=10126\" class=\"eael-post-elements-readmore-btn\">En savoir+<\/a><\/div>\n                    <\/div><div class=\"eael-entry-footer\"><div class=\"eael-entry-meta\"><span class=\"eael-posted-on\"><time datetime=\"15 mars 2026\">15 mars 2026<\/time><\/span><\/div><\/div><\/div><\/div>\n        <\/div>\n    <\/article><article class=\"eael-grid-post eael-post-grid-column\" data-id=\"9481\">\n        <div class=\"eael-grid-post-holder\">\n            <div class=\"eael-grid-post-holder-inner\"><div class=\"eael-entry-media\"><div class=\"eael-entry-overlay fade-in\"><i class=\"fas fa-long-arrow-alt-right\" aria-hidden=\"true\"><\/i><a href=\"https:\/\/liage.univ-paris8.fr\/?p=9481\"><\/a><\/div><div class=\"eael-entry-thumbnail \">\n                <img decoding=\"async\" width=\"300\" height=\"253\" src=\"https:\/\/liage.univ-paris8.fr\/wp-content\/uploads\/2025\/05\/S2-Seminaire-doctoral-24-25-300x253.jpg\" class=\"attachment-medium size-medium wp-image-8651\" alt=\"\" srcset=\"https:\/\/liage.univ-paris8.fr\/wp-content\/uploads\/2025\/05\/S2-Seminaire-doctoral-24-25-300x253.jpg 300w, https:\/\/liage.univ-paris8.fr\/wp-content\/uploads\/2025\/05\/S2-Seminaire-doctoral-24-25-150x126.jpg 150w, https:\/\/liage.univ-paris8.fr\/wp-content\/uploads\/2025\/05\/S2-Seminaire-doctoral-24-25.jpg 629w\" sizes=\"(max-width: 300px) 100vw, 300px\" \/>\n            <\/div>\n        <\/div><div class=\"eael-entry-wrapper\"><div class=\"eael-entry-content\">\n                        <div class=\"eael-grid-post-excerpt\"><p>S\u00e9minaire \u00c9ducations militantes et rapports au savoir 2024\/ 2025 Au Campus Condorcet \u00c9ducations militantes et rapports au savoir &#8211; S\u00e9minaire...<\/p><a href=\"https:\/\/liage.univ-paris8.fr\/?p=9481\" class=\"eael-post-elements-readmore-btn\">En savoir+<\/a><\/div>\n                    <\/div><div class=\"eael-entry-footer\"><div class=\"eael-entry-meta\"><span class=\"eael-posted-on\"><time datetime=\"18 janvier 2025\">18 janvier 2025<\/time><\/span><\/div><\/div><\/div><\/div>\n        <\/div>\n    <\/article><article class=\"eael-grid-post eael-post-grid-column\" data-id=\"10041\">\n        <div class=\"eael-grid-post-holder\">\n            <div class=\"eael-grid-post-holder-inner\"><div class=\"eael-entry-media\"><div class=\"eael-entry-overlay fade-in\"><i class=\"fas fa-long-arrow-alt-right\" aria-hidden=\"true\"><\/i><a href=\"https:\/\/liage.univ-paris8.fr\/?p=10041\"><\/a><\/div><div class=\"eael-entry-thumbnail \">\n                <img decoding=\"async\" width=\"249\" height=\"300\" src=\"https:\/\/liage.univ-paris8.fr\/wp-content\/uploads\/2019\/11\/seminaire3decembre2019-249x300.png\" class=\"attachment-medium size-medium wp-image-5961\" alt=\"\" srcset=\"https:\/\/liage.univ-paris8.fr\/wp-content\/uploads\/2019\/11\/seminaire3decembre2019-249x300.png 249w, https:\/\/liage.univ-paris8.fr\/wp-content\/uploads\/2019\/11\/seminaire3decembre2019-768x925.png 768w, https:\/\/liage.univ-paris8.fr\/wp-content\/uploads\/2019\/11\/seminaire3decembre2019-850x1024.png 850w, https:\/\/liage.univ-paris8.fr\/wp-content\/uploads\/2019\/11\/seminaire3decembre2019.png 866w\" sizes=\"(max-width: 249px) 100vw, 249px\" \/>\n            <\/div>\n        <\/div><div class=\"eael-entry-wrapper\"><div class=\"eael-entry-content\">\n                        <div class=\"eael-grid-post-excerpt\"><p>S\u00e9minaire \u201cLes jeunes et la science\u201d 3 d\u00e9cembre 2019 Rencontre avec Luisa Massarani et Marina Ramalho, chercheuses \u00e0 la Fondation...<\/p><a href=\"https:\/\/liage.univ-paris8.fr\/?p=10041\" class=\"eael-post-elements-readmore-btn\">En savoir+<\/a><\/div>\n                    <\/div><div class=\"eael-entry-footer\"><div class=\"eael-entry-meta\"><span class=\"eael-posted-on\"><time datetime=\"26 novembre 2019\">26 novembre 2019<\/time><\/span><\/div><\/div><\/div><\/div>\n        <\/div>\n    <\/article><\/div>\n            <div class=\"clearfix\"><\/div>\n        <\/div>            <div class=\"eael-load-more-button-wrap eael-force-hide\">\n                <button class=\"eael-load-more-button\" id=\"eael-load-more-btn-68c2b19\" data-widget-id=\"68c2b19\" data-widget=\"68c2b19\" data-page-id=\"9868\" data-template=\"{&quot;dir&quot;:&quot;lite&quot;,&quot;file_name&quot;:&quot;default.php&quot;,&quot;name&quot;:&quot;Post-Grid&quot;}\" data-class=\"Essential_Addons_Elementor\\Elements\\Post_Grid\" data-layout=\"masonry\" data-page=\"1\" data-args=\"orderby=date&amp;order=desc&amp;ignore_sticky_posts=1&amp;post_status=publish&amp;posts_per_page=&amp;offset=0&amp;post_type=post&amp;tax_query%5B0%5D%5Btaxonomy%5D=category&amp;tax_query%5B0%5D%5Bfield%5D=term_id&amp;tax_query%5B0%5D%5Bterms%5D%5B0%5D=220&amp;tax_query%5Brelation%5D=AND\" data-max-page=\"3\">\n                    <span class=\"eael-btn-loader button__loader\"><\/span>\n                    <span class=\"eael_load_more_text\">Load More<\/span>\n                <\/button>\n            <\/div>\n            \t\t\t\t<\/div>\n\t\t\t\t<\/div>\n\t\t\t\t\t<\/div>\n\t\t<\/div>\n\t\t\t\t\t<\/div>\n\t\t<\/section>\n\t\t\t\t<\/div>\n\t\t","protected":false},"excerpt":{"rendered":"<p>S\u00e9minaires S\u00e9minaire \u00c9ducations militantes et rapports au savoir 2024\/ 2025 Au Campus Condorcet \u00c9ducations militantes et rapports au savoir &#8211; S\u00e9minaire&#8230; En savoir+ 18 janvier 2025 S\u00e9minaire \u201cLes jeunes et la science\u201d 3 d\u00e9cembre 2019 Rencontre avec Luisa Massarani et Marina Ramalho, chercheuses \u00e0 la Fondation&#8230; En savoir+ 26 novembre 2019 Load More<\/p>\n","protected":false},"author":1060,"featured_media":0,"parent":0,"menu_order":0,"comment_status":"closed","ping_status":"closed","template":"","meta":{"_eb_attr":"","_uag_custom_page_level_css":"","site-sidebar-layout":"no-sidebar","site-content-layout":"page-builder","ast-site-content-layout":"full-width-container","site-content-style":"default","site-sidebar-style":"default","ast-global-header-display":"","ast-banner-title-visibility":"","ast-main-header-display":"","ast-hfb-above-header-display":"","ast-hfb-below-header-display":"","ast-hfb-mobile-header-display":"","site-post-title":"disabled","ast-breadcrumbs-content":"","ast-featured-img":"disabled","footer-sml-layout":"","theme-transparent-header-meta":"","adv-header-id-meta":"","stick-header-meta":"","header-above-stick-meta":"","header-main-stick-meta":"","header-below-stick-meta":"","astra-migrate-meta-layouts":"set","ast-page-background-enabled":"default","ast-page-background-meta":{"desktop":{"background-color":"","background-image":"","background-repeat":"repeat","background-position":"center center","background-size":"auto","background-attachment":"scroll","background-type":"","background-media":"","overlay-type":"","overlay-color":"","overlay-opacity":"","overlay-gradient":""},"tablet":{"background-color":"","background-image":"","background-repeat":"repeat","background-position":"center center","background-size":"auto","background-attachment":"scroll","background-type":"","background-media":"","overlay-type":"","overlay-color":"","overlay-opacity":"","overlay-gradient":""},"mobile":{"background-color":"","background-image":"","background-repeat":"repeat","background-position":"center center","background-size":"auto","background-attachment":"scroll","background-type":"","background-media":"","overlay-type":"","overlay-color":"","overlay-opacity":"","overlay-gradient":""}},"ast-content-background-meta":{"desktop":{"background-color":"var(--ast-global-color-5)","background-image":"","background-repeat":"repeat","background-position":"center center","background-size":"auto","background-attachment":"scroll","background-type":"","background-media":"","overlay-type":"","overlay-color":"","overlay-opacity":"","overlay-gradient":""},"tablet":{"background-color":"var(--ast-global-color-5)","background-image":"","background-repeat":"repeat","background-position":"center center","background-size":"auto","background-attachment":"scroll","background-type":"","background-media":"","overlay-type":"","overlay-color":"","overlay-opacity":"","overlay-gradient":""},"mobile":{"background-color":"var(--ast-global-color-5)","background-image":"","background-repeat":"repeat","background-position":"center center","background-size":"auto","background-attachment":"scroll","background-type":"","background-media":"","overlay-type":"","overlay-color":"","overlay-opacity":"","overlay-gradient":""}},"footnotes":"","_links_to":"","_links_to_target":""},"categories":[],"tags":[],"class_list":["post-9868","page","type-page","status-publish","hentry"],"uagb_featured_image_src":{"full":false,"thumbnail":false,"medium":false,"medium_large":false,"large":false,"1536x1536":false,"2048x2048":false,"htmega_size_585x295":false,"htmega_size_1170x536":false,"htmega_size_396x360":false},"uagb_author_info":{"display_name":"Nora Belkhiri","author_link":"https:\/\/liage.univ-paris8.fr\/?author=1060"},"uagb_comment_info":0,"uagb_excerpt":"S\u00e9minaires S\u00e9minaire \u00c9ducations militantes et rapports au savoir 2024\/ 2025 Au Campus Condorcet \u00c9ducations militantes et rapports au savoir &#8211; S\u00e9minaire&#8230; En savoir+ 18 janvier 2025 S\u00e9minaire \u201cLes jeunes et la science\u201d 3 d\u00e9cembre 2019 Rencontre avec Luisa Massarani et Marina Ramalho, chercheuses \u00e0 la Fondation&#8230; En savoir+ 26 novembre 2019 Load More","_links":{"self":[{"href":"https:\/\/liage.univ-paris8.fr\/index.php?rest_route=\/wp\/v2\/pages\/9868","targetHints":{"allow":["GET"]}}],"collection":[{"href":"https:\/\/liage.univ-paris8.fr\/index.php?rest_route=\/wp\/v2\/pages"}],"about":[{"href":"https:\/\/liage.univ-paris8.fr\/index.php?rest_route=\/wp\/v2\/types\/page"}],"author":[{"embeddable":true,"href":"https:\/\/liage.univ-paris8.fr\/index.php?rest_route=\/wp\/v2\/users\/1060"}],"replies":[{"embeddable":true,"href":"https:\/\/liage.univ-paris8.fr\/index.php?rest_route=%2Fwp%2Fv2%2Fcomments&post=9868"}],"version-history":[{"count":10,"href":"https:\/\/liage.univ-paris8.fr\/index.php?rest_route=\/wp\/v2\/pages\/9868\/revisions"}],"predecessor-version":[{"id":10050,"href":"https:\/\/liage.univ-paris8.fr\/index.php?rest_route=\/wp\/v2\/pages\/9868\/revisions\/10050"}],"wp:attachment":[{"href":"https:\/\/liage.univ-paris8.fr\/index.php?rest_route=%2Fwp%2Fv2%2Fmedia&parent=9868"}],"wp:term":[{"taxonomy":"category","embeddable":true,"href":"https:\/\/liage.univ-paris8.fr\/index.php?rest_route=%2Fwp%2Fv2%2Fcategories&post=9868"},{"taxonomy":"post_tag","embeddable":true,"href":"https:\/\/liage.univ-paris8.fr\/index.php?rest_route=%2Fwp%2Fv2%2Ftags&post=9868"}],"curies":[{"name":"wp","href":"https:\/\/api.w.org\/{rel}","templated":true}]}}